Let f(o) = -o. Let a(i) = 5*f(i) - l(i). What is a(0)?
-11
Let z(n) = n**2 + 5*n + 6. Let t be 1 + 2*-1 - 3. Let r be z(t). Let y(h) = -h**2 + 3*h + 2. Determine y(r).
4
Let i(a) be the second derivative of a**7/2520 - a**6/180 + a**5/24 - a**4/6 + 2*a. Let k(w) be the third derivative of i(w). Give k(4).
5
Let y(t) = 4 - 30*t - 3 + 29*t - t**2. What is y(2)?
-5
Suppose -8*t = -6*t + 6. Let f(a) = a + 7. Determine f(t).
4
Let r(y) = 2*y**2 + 6*y. Suppose -j + 5 = 9. Calculate r(j).
8
Let z(a) be the second derivative of a**3/6 + 11*a**2/2 + 11*a. Let j = -2 - 4. Give z(j).
5
Let w(g) = -g**2 - 7. Let b = -14 + 14. Give w(b).
-7
Let c(k) = 5*k**2 - 3*k + 5. Let t(m) = 4*m**2 - 3*m + 4. Let z(b) = -5*c(b) + 6*t(b). Let d be ((-24)/(-18))/(4/6). Let v be 1 + 0 + (-1 - d). Give z(v).
1
Let b be 14 - 12 - 2*4. Let g(j) = j**3 + 6*j**2 - 3*j - 1. Give g(b).
17
Let v(o) = 2*o**2 + o + 2. Let q(y) = -2*y**2 - y - 2. Let f(h) = 4*q(h) + 5*v(h). Suppose -j - 20 = -3*j. Suppose p + j = -4*p. Calculate f(p).
8
Suppose 8*l = 3*l + 20. Let z(m) = 1 - 6 - m + 2*m. Calculate z(l).
-1
Let w be ((-4)/(-9))/(1/(-3))*-3. Let b(q) be the third derivative of -3*q**2 - 7/6*q**3 + 1/24*q**w + 0*q + 1/120*q**6 + 1/60*q**5 + 0. What is b(0)?
-7
Let w(z) = 2*z**2 - 1. Let t be w(2). Let y(c) = -c**2 + 6*c + 2. Give y(t).
-5
Let o be (-2)/(-3) - 21/(-9). Let s be (-2)/(-6)*3*o. Let x(y) = 2*y**2 - y**s + 2*y + 0 + 0 - 2. What is x(2)?
2
Let p(q) = 4*q - 6. Let t(l) = 7*l - 12. Let o(a) = -5*p(a) + 3*t(a). Give o(5).
-1
Let o(x) = x**3 + 4*x**2 + x - 4. Suppose -4*t = -8 + 20, -6 = z + t. Give o(z).
2
Let j(u) = -u**2 + 3*u - 1. Let d(c) = 2*c + 14. Let b be d(-11). Let a be (-3)/12 + (-26)/b. Calculate j(a).
-1
Let l(p) = 0*p + 2*p - 5*p - 7 + 5*p. Give l(5).
3
Let s(h) = -10*h - 17*h + 25*h. What is s(4)?
-8
Let x(d) = d**3 - d**2 + d + 6. Let l be x(0). Let z be 20/8*l/(-5). Let n = -1 - z. Let g(v) = -2*v**2 + 1. Determine g(n).
-7
Let i(w) = w**2 + w - 4. Let b(q) = -q**2 - 10*q - 13. Suppose -p = 3*p + 3*x + 21, -4*x = -p - 29. Let v be b(p). What is i(v)?
8
Let z be 2/(-4) - 10/4. Let w be (-3)/2 - z/6. Let j(m) = -13*m**2 + 5*m. Let r(d) = 12*d**2 - 4*d. Let n(a) = -5*j(a) - 6*r(a). Determine n(w).
-6
Let z(r) = 2*r + 7. Let o(f) = 6*f**3 - f**2 + 1. Let u be o(1). Let q(l) = -1 - 7*l + 0 + u*l. Let x(j) = -3*q(j) - z(j). Give x(0).
-4
Let s(n) = -n**3 + 9*n**2 + 11*n - 5. Let t be s(10). Let c(p) = -2*p + 3. What is c(t)?
-7
Let r(q) = -11*q - q**2 + 11*q - 5*q. What is r(-5)?
0
Suppose 0*g + 8 = r - 2*g, g - 1 = -2*r. Let b(t) = 0*t**2 + 0*t**2 + 0*t**2 - r*t**2. Give b(-2).
-8
Suppose 13 = 5*n - 12. Let b(h) = n*h + 0 + 0. What is b(-1)?
-5
Let q(d) = d**3 - 2*d**2 - 3*d - 3. Let p(r) = 2*r - 10. Let x be p(7). Let n(k) = -k**3 + 5*k**2 - k - 9. Let b be n(x). Calculate q(b).
-3
Let d(i) = -6*i. Let w = 7 + 2. Suppose -2*b + 3*b = 5. Suppose -w*f - b = -4*f. Determine d(f).
6
Let m = -25 + 27. Let w(v) = 2*v - 2. What is w(m)?
2
Let f(v) = -9*v - 3. Let k(y) = 1. Let o(z) = f(z) + 4*k(z). What is o(-1)?
10
Let r(i) = -i**2 + 2*i + 3. Let h = -13 + 16. What is r(h)?
0
Let b(j) = j**3 + 6*j**2 + 0*j**3 + 4*j + 11 - 16. Suppose -9 = 3*h - 0. Let x = h + -2. Determine b(x).
0
Let u(d) be the second derivative of 1/3*d**3 - 8*d + 0*d**2 + 1/10*d**5 - 1/3*d**4 + 0. What is u(2)?
4
Let i(x) = -3*x**2 + x + 1. Suppose 6*o - 2*o = 8. Determine i(o).
-9
Let f = -35 - -31. Let z(g) = g**2 + 2*g - 4. Give z(f).
4
Let t(y) = y + 1. Suppose 3*v + 5*l - 73 = 0, -v - 66 = -3*v + l. Let h = 3 - -3. Suppose 5*o - o - 3*i - v = 0, o + h = -2*i. Determine t(o).
5
Let x(o) = o + 9. Let s(d) = -d + 0*d + 7 - 17. Let k(p) = 3*s(p) + 4*x(p). Calculate k(6).
12
Let t(y) = 9*y**3 - 11*y**2 + 2*y - 22. Let u(l) = -5*l**3 + 6*l**2 - l + 11. Let g(z) = -6*t(z) - 11*u(z). What is g(0)?
11
Let i(y) = -1 - 117*y + 116*y - 1. Give i(-4).
2
Suppose -3*v - 4*m + 113 = 0, -3*m = -3*v - m + 101. Let w(i) = -v + 37 + i**2 - 2*i + 4*i. Calculate w(-2).
2
Let p(j) = -j - 1. Let i(l) = 2*l**2 + 3*l. Let u(v) = -i(v) - 4*p(v). Calculate u(3).
-11
Let h(b) = -b + 1. Let x(t) = t**3 - 6*t**2 + 3*t + 12. Let g be x(5). What is h(g)?
-1
Let u(i) be the third derivative of i**4/24 - i**3/3 + i**2. Give u(6).
4
Let s(q) = 0*q - 2 - q + 3. Give s(-1).
2
Let v be (42/(-10))/(3/(-15)). Let o be (-6)/v - (-30)/7. Let t(b) = -b + 1. Let w be t(o). Let l(i) = i**2 + 2*i - 1. Determine l(w).
2
Let m(p) = 8*p**3 + p**2. Let r be m(1). Let f(l) = -3*l**2 - 3*l - 1. Let g(z) = 7*z**2 + 6*z + 2. Let c(o) = r*f(o) + 4*g(o). What is c(5)?
9
Let h(y) = 4*y - 1. Let x(n) = 2*n - 1. Let l(u) = -2*h(u) + 5*x(u). Suppose 4 + 0 = i. Calculate l(i).
5
Let v(n) = 10*n**3 + 2*n**2 + 2*n + 1. Let x(m) be the third derivative of m**4/24 + m**3 - m**2. Let t be x(-6). Let z = t + -1. What is v(z)?
-9
Let x(u) = u**3 - 3*u**2 - 5*u - 2. Let b = -2 + 22. Let q(r) = r**2 - 5*r - 2. Let d be q(6). Suppose -3*v - 2*v = -4*w - 40, b = -d*w. Give x(v).
-6
Let t(y) be the second derivative of y**4/12 - 7*y**3/6 + 2*y**2 - y + 12. Calculate t(6).
-2
Let s(t) = -t - 3. Let r = -7 - -2. Let y be s(r). Let v(f) = f**2 - 2*f. Give v(y).
0
Let k(s) = -27 - s + 0*s + 33. Let h(t) = -t**2 - 1. Let g(l) = 4*l**2 + 6*l - 1. Let n(w) = -g(w) - 5*h(w). Let q be n(6). Calculate k(q).
0
Let y(g) be the first derivative of g**4/4 + 10*g**3/3 + 9*g**2/2 + 7*g - 7. What is y(-9)?
7
Let k(f) = -f - 1. Let y be k(5). Let p(c) be the first derivative of c**4/4 + 2*c**3 + 3*c**2/2 + 4*c + 25. What is p(y)?
-14
Let m(q) = -q**2 + q + 4. Let z(s) = -s**2 + 6*s. Let a be z(6). Let x(l) = -l + 3. Let w be x(a). What is m(w)?
-2
Let k be (-14)/4 - 3/(-6). Let v be 3*(-6)/27*k. Suppose 3*y = 2*c - v*y + 20, 3*y = c + 12. Let r(w) = -w**3 + w**2 - w - 2. Calculate r(c).
-2
Suppose -n - 4 = 2*i + n, 4*n + 8 = 4*i. Suppose i = 2*u + 3*u - 10. Let k(w) = -w + 2 + 3*w + 0 - 2*w**2. Calculate k(u).
-2
Let o(b) = -b**3 + 2*b**2 + 5*b - 2. Let z = 84 - 80. Calculate o(z).
-14
Let u(m) = -1 - 3*m**2 - 2*m + 6*m + m**2. Determine u(3).
-7
Let y(o) = 2 - 8*o + o + 9*o**2 - o - o**3. Let g be y(8). Let x(b) = -b**3 + b - g*b**2 + 0*b + 2*b. What is x(-3)?
0
Let b(t) be the first derivative of t**4/4 + t**3 + t**2/2 + 4*t - 3. Determine b(-3).
1
Let b(h) = h**2 + h + 1. Let l(v) = -3*v**2 - 11*v - 14. Let r(x) = 4*b(x) + l(x). Give r(9).
8
Suppose 0 = 3*y - 5*w + 19, -6*y - 16 = -4*y - 5*w. Let q be y - ((-6)/(-3) + 0). Let t = 2 + q. Let x(b) = -2*b - 3. What is x(t)?
3
Let r(a) = a**3 - 3*a**2 + a. Suppose 6*o = o + 30. Let u(z) = 4*z**3 + z + 1. Let m be u(-1). Let i = o + m. Give r(i).
-2
Let z be 1 - ((0 - -2) + -3). Let j(y) = 11*y + 1. Let t(q) = 12*q + 1. Let g(w) = 5*j(w) - 4*t(w). Calculate g(z).
15
Let k = 9 + -14. Let f(m) = -m**3 - 5*m**2 - m - 7. Determine f(k).
-2
Let w(u) = u**3 + 5*u**2 - u - 7. Let l = -45 + 40. Determine w(l).
-2
Let z(a) = -2*a - 3. Suppose 4*d - s - 39 = -0*s, -s - 12 = -d. Let j be (-2)/d*3*3. Determine z(j).
1
Let y(p) = -11*p - 3. Let c(v) = 5*v + 2. Let a(g) = 5*c(g) + 2*y(g). Give a(-6).
-14
Let b(x) = 5*x**2 + 1. Let k = 3 + -1. Suppose 0 = -g - k, 0*y + y - 5 = 2*g. Calculate b(y).
6
Let w(a) be the second derivative of 1/3*a**3 + a + 1/24*a**4 + 0*a**2 - 1/120*a**5 + 0. Let c(v) be the second derivative of w(v). Determine c(-4).
5
Let r be 0 - (-1 + 0 + -2). Let n(q) = -q - 3 + r. Suppose -3*j + 3 = 7*x - 4*x, -2*j - 10 = -4*x. Calculate n(x).
-2
Let y = 0 + 1. Let r be 9*y*3/(-9). Let b(t) = -t - 6. Determine b(r).
-3
Let f(x) = x**3 - 3*x**2 - 9*x - 7. Let c be f(5). Let r(s) = 2*s**2 - 2*s + 1. Determine r(c).
13
Let c(p) = -p**2 + 2*p + 1. Let q be ((-2)/(-4))/((-5)/(-20)). Suppose 14 = b - 3*z, -6 = 4*z + 6. Suppose -k = -b*u + 16, -q*u + 8 = -k + 1. Give c(u).
-2
Let v(t) be the third derivative of t**2 + 0 - 2/3*t**3 - 1/20*t**5 - 1/120*t**6 + 0*t + 1/12*t**4. Calculate v(-4).
4
Let l be (10/25)/(1/15). Let f(v) = -1 - 2 - 2*v - v**2 + l*v + 2*v. Determine f(3).
6
Let l(q) = 2*q - 10. Let a be l(7). Suppose -3*k + h - 2*h = -20, -4*k = -h - 36. Let b(t) = -a*t**2 - t**2 + 6*t - 11*t - k + t**3. Calculate b(6).
-2
Let x(w) = -11*w + 1. Let o(r) = r - 4. Let u be o(13). Let h = u - 8. Determine x(h).
-10
Let y = -7 + 11. Let